{"id":33,"date":"2026-04-06T12:08:42","date_gmt":"2026-04-06T10:08:42","guid":{"rendered":"https:\/\/moldavica.eu\/?page_id=33"},"modified":"2026-04-06T14:49:15","modified_gmt":"2026-04-06T12:49:15","slug":"echipa","status":"publish","type":"page","link":"https:\/\/moldavica.eu\/?page_id=33","title":{"rendered":"ECHIPA"},"content":{"rendered":"\n<div class=\"wp-block-columns is-layout-flex wp-container-core-columns-is-layout-9d6595d7 wp-block-columns-is-layout-flex\">\n<div class=\"wp-block-column is-layout-flow wp-block-column-is-layout-flow\">\n<figure class=\"wp-block-image size-full\"><img loading=\"lazy\" decoding=\"async\" width=\"720\" height=\"960\" src=\"https:\/\/moldavica.eu\/wp-content\/uploads\/2026\/04\/460483942_10231156278477573_8312717249633566819_n-1-edited.jpg\" alt=\"\" class=\"wp-image-82\" srcset=\"https:\/\/moldavica.eu\/wp-content\/uploads\/2026\/04\/460483942_10231156278477573_8312717249633566819_n-1-edited.jpg 720w, https:\/\/moldavica.eu\/wp-content\/uploads\/2026\/04\/460483942_10231156278477573_8312717249633566819_n-1-edited-225x300.jpg 225w\" sizes=\"auto, (max-width: 720px) 100vw, 720px\" \/><\/figure>\n\n\n\n<p class=\"has-text-align-center\">DR. ALEXANDRU STRUGARIU<\/p>\n<\/div>\n\n\n\n<div class=\"wp-block-column is-layout-flow wp-block-column-is-layout-flow\">\n<figure class=\"wp-block-image size-large\"><img loading=\"lazy\" decoding=\"async\" width=\"1152\" height=\"1536\" src=\"https:\/\/moldavica.eu\/wp-content\/uploads\/2026\/04\/513932729_10162975108208841_1876750650351160653_n-1-edited.jpg\" alt=\"\" class=\"wp-image-84\" srcset=\"https:\/\/moldavica.eu\/wp-content\/uploads\/2026\/04\/513932729_10162975108208841_1876750650351160653_n-1-edited.jpg 1152w, https:\/\/moldavica.eu\/wp-content\/uploads\/2026\/04\/513932729_10162975108208841_1876750650351160653_n-1-edited-225x300.jpg 225w, https:\/\/moldavica.eu\/wp-content\/uploads\/2026\/04\/513932729_10162975108208841_1876750650351160653_n-1-edited-768x1024.jpg 768w, https:\/\/moldavica.eu\/wp-content\/uploads\/2026\/04\/513932729_10162975108208841_1876750650351160653_n-1-edited-1024x1365.jpg 1024w, https:\/\/moldavica.eu\/wp-content\/uploads\/2026\/04\/513932729_10162975108208841_1876750650351160653_n-1-edited-810x1080.jpg 810w\" sizes=\"auto, (max-width: 1152px) 100vw, 1152px\" \/><\/figure>\n\n\n\n<p class=\"has-text-align-center\">DR. \u0218TEFAN REMUS ZAMFIRESCU<\/p>\n<\/div>\n\n\n\n<div class=\"wp-block-column is-layout-flow wp-block-column-is-layout-flow\">\n<figure class=\"wp-block-image size-large\"><img loading=\"lazy\" decoding=\"async\" width=\"1425\" height=\"1900\" src=\"https:\/\/moldavica.eu\/wp-content\/uploads\/2026\/04\/439887553_10220502430425562_8685286428192497181_n-1-edited.jpg\" alt=\"\" class=\"wp-image-86\" srcset=\"https:\/\/moldavica.eu\/wp-content\/uploads\/2026\/04\/439887553_10220502430425562_8685286428192497181_n-1-edited.jpg 1425w, https:\/\/moldavica.eu\/wp-content\/uploads\/2026\/04\/439887553_10220502430425562_8685286428192497181_n-1-edited-225x300.jpg 225w, https:\/\/moldavica.eu\/wp-content\/uploads\/2026\/04\/439887553_10220502430425562_8685286428192497181_n-1-edited-768x1024.jpg 768w, https:\/\/moldavica.eu\/wp-content\/uploads\/2026\/04\/439887553_10220502430425562_8685286428192497181_n-1-edited-1152x1536.jpg 1152w, https:\/\/moldavica.eu\/wp-content\/uploads\/2026\/04\/439887553_10220502430425562_8685286428192497181_n-1-edited-1024x1365.jpg 1024w, https:\/\/moldavica.eu\/wp-content\/uploads\/2026\/04\/439887553_10220502430425562_8685286428192497181_n-1-edited-810x1080.jpg 810w\" sizes=\"auto, (max-width: 1425px) 100vw, 1425px\" \/><\/figure>\n\n\n\n<p class=\"has-text-align-center\">DR. TIBERIU CONSTANTIN SAHLEAN<\/p>\n<\/div>\n<\/div>\n\n\n\n<div class=\"wp-block-columns is-layout-flex wp-container-core-columns-is-layout-9d6595d7 wp-block-columns-is-layout-flex\">\n<div class=\"wp-block-column is-layout-flow wp-block-column-is-layout-flow\">\n<figure class=\"wp-block-image size-large\"><img loading=\"lazy\" decoding=\"async\" width=\"1066\" height=\"1421\" src=\"https:\/\/moldavica.eu\/wp-content\/uploads\/2026\/04\/287664005_5474645649254025_933141284401667328_n-edited.jpg\" alt=\"\" class=\"wp-image-76\" srcset=\"https:\/\/moldavica.eu\/wp-content\/uploads\/2026\/04\/287664005_5474645649254025_933141284401667328_n-edited.jpg 1066w, https:\/\/moldavica.eu\/wp-content\/uploads\/2026\/04\/287664005_5474645649254025_933141284401667328_n-edited-225x300.jpg 225w, https:\/\/moldavica.eu\/wp-content\/uploads\/2026\/04\/287664005_5474645649254025_933141284401667328_n-edited-768x1024.jpg 768w, https:\/\/moldavica.eu\/wp-content\/uploads\/2026\/04\/287664005_5474645649254025_933141284401667328_n-edited-1024x1365.jpg 1024w, https:\/\/moldavica.eu\/wp-content\/uploads\/2026\/04\/287664005_5474645649254025_933141284401667328_n-edited-810x1080.jpg 810w\" sizes=\"auto, (max-width: 1066px) 100vw, 1066px\" \/><\/figure>\n\n\n\n<p class=\"has-text-align-center\">PAUL CRISTIAN DINC\u0102<\/p>\n<\/div>\n\n\n\n<div class=\"wp-block-column is-layout-flow wp-block-column-is-layout-flow\">\n<figure class=\"wp-block-image size-full\"><img loading=\"lazy\" decoding=\"async\" width=\"594\" height=\"792\" src=\"https:\/\/moldavica.eu\/wp-content\/uploads\/2026\/04\/126270489_10224986472397835_8696883843377201494_n-edited.jpg\" alt=\"\" class=\"wp-image-78\" srcset=\"https:\/\/moldavica.eu\/wp-content\/uploads\/2026\/04\/126270489_10224986472397835_8696883843377201494_n-edited.jpg 594w, https:\/\/moldavica.eu\/wp-content\/uploads\/2026\/04\/126270489_10224986472397835_8696883843377201494_n-edited-225x300.jpg 225w\" sizes=\"auto, (max-width: 594px) 100vw, 594px\" \/><\/figure>\n\n\n\n<p class=\"has-text-align-center\">DR. IULIAN GHERGHEL<\/p>\n<\/div>\n\n\n\n<div class=\"wp-block-column is-layout-flow wp-block-column-is-layout-flow\">\n<figure class=\"wp-block-image size-large\"><img loading=\"lazy\" decoding=\"async\" width=\"900\" height=\"1200\" src=\"https:\/\/moldavica.eu\/wp-content\/uploads\/2026\/04\/a6491d45-b95f-4d91-bcce-dd225db2330d-edited.jpg\" alt=\"\" class=\"wp-image-80\" srcset=\"https:\/\/moldavica.eu\/wp-content\/uploads\/2026\/04\/a6491d45-b95f-4d91-bcce-dd225db2330d-edited.jpg 900w, https:\/\/moldavica.eu\/wp-content\/uploads\/2026\/04\/a6491d45-b95f-4d91-bcce-dd225db2330d-edited-225x300.jpg 225w, https:\/\/moldavica.eu\/wp-content\/uploads\/2026\/04\/a6491d45-b95f-4d91-bcce-dd225db2330d-edited-768x1024.jpg 768w, https:\/\/moldavica.eu\/wp-content\/uploads\/2026\/04\/a6491d45-b95f-4d91-bcce-dd225db2330d-edited-810x1080.jpg 810w\" sizes=\"auto, (max-width: 900px) 100vw, 900px\" \/><\/figure>\n\n\n\n<p class=\"has-text-align-center\">DR. PETRONEL SPASENI<\/p>\n<\/div>\n<\/div>\n\n\n\n<div class=\"wp-block-columns is-layout-flex wp-container-core-columns-is-layout-9d6595d7 wp-block-columns-is-layout-flex\">\n<div class=\"wp-block-column is-layout-flow wp-block-column-is-layout-flow\"><\/div>\n\n\n\n<div class=\"wp-block-column is-layout-flow wp-block-column-is-layout-flow\">\n<figure class=\"wp-block-image size-large\"><img loading=\"lazy\" decoding=\"async\" width=\"1365\" height=\"1820\" src=\"https:\/\/moldavica.eu\/wp-content\/uploads\/2026\/04\/486243265_1937760607032132_7958957741715624376_n-edited.jpg\" alt=\"\" class=\"wp-image-88\" srcset=\"https:\/\/moldavica.eu\/wp-content\/uploads\/2026\/04\/486243265_1937760607032132_7958957741715624376_n-edited.jpg 1365w, https:\/\/moldavica.eu\/wp-content\/uploads\/2026\/04\/486243265_1937760607032132_7958957741715624376_n-edited-225x300.jpg 225w, https:\/\/moldavica.eu\/wp-content\/uploads\/2026\/04\/486243265_1937760607032132_7958957741715624376_n-edited-768x1024.jpg 768w, https:\/\/moldavica.eu\/wp-content\/uploads\/2026\/04\/486243265_1937760607032132_7958957741715624376_n-edited-1152x1536.jpg 1152w, https:\/\/moldavica.eu\/wp-content\/uploads\/2026\/04\/486243265_1937760607032132_7958957741715624376_n-edited-1024x1365.jpg 1024w, https:\/\/moldavica.eu\/wp-content\/uploads\/2026\/04\/486243265_1937760607032132_7958957741715624376_n-edited-810x1080.jpg 810w\" sizes=\"auto, (max-width: 1365px) 100vw, 1365px\" \/><\/figure>\n\n\n\n<p class=\"has-text-align-center\">C\u0102T\u0102LIN PETREANU<\/p>\n<\/div>\n\n\n\n<div class=\"wp-block-column is-layout-flow wp-block-column-is-layout-flow\"><\/div>\n<\/div>\n","protected":false},"excerpt":{"rendered":"<p>DR. ALEXANDRU STRUGARIU DR. \u0218TEFAN REMUS ZAMFIRESCU DR. TIBERIU CONSTANTIN SAHLEAN PAUL CRISTIAN DINC\u0102 DR. IULIAN GHERGHEL DR. PETRONEL SPASENI C\u0102T\u0102LIN PETREANU<\/p>\n","protected":false},"author":1,"featured_media":0,"parent":0,"menu_order":0,"comment_status":"closed","ping_status":"closed","template":"","meta":{"footnotes":""},"class_list":["post-33","page","type-page","status-publish","hentry"],"_links":{"self":[{"href":"https:\/\/moldavica.eu\/index.php?rest_route=\/wp\/v2\/pages\/33","targetHints":{"allow":["GET"]}}],"collection":[{"href":"https:\/\/moldavica.eu\/index.php?rest_route=\/wp\/v2\/pages"}],"about":[{"href":"https:\/\/moldavica.eu\/index.php?rest_route=\/wp\/v2\/types\/page"}],"author":[{"embeddable":true,"href":"https:\/\/moldavica.eu\/index.php?rest_route=\/wp\/v2\/users\/1"}],"replies":[{"embeddable":true,"href":"https:\/\/moldavica.eu\/index.php?rest_route=%2Fwp%2Fv2%2Fcomments&post=33"}],"version-history":[{"count":7,"href":"https:\/\/moldavica.eu\/index.php?rest_route=\/wp\/v2\/pages\/33\/revisions"}],"predecessor-version":[{"id":89,"href":"https:\/\/moldavica.eu\/index.php?rest_route=\/wp\/v2\/pages\/33\/revisions\/89"}],"wp:attachment":[{"href":"https:\/\/moldavica.eu\/index.php?rest_route=%2Fwp%2Fv2%2Fmedia&parent=33"}],"curies":[{"name":"wp","href":"https:\/\/api.w.org\/{rel}","templated":true}]}}